*w + r = 0, -2*m + 135 = 4*w + 47. Let n = -20 - -40. Calculate the greatest common factor of m and n.
10
Let l be 1 - 0 - (-2)/2. Suppose 2 = 3*i - l*i. What is the greatest common factor of 1 and i?
1
Suppose 0 = 4*t - 2*t - 2. Let o be (32 - t) + (0 - -1). What is the greatest common divisor of o and 4?
4
Suppose -g - 2*v = -3*v + 2, -3*g - 4*v = -29. Calculate the highest common factor of g and 33.
3
Let i = 12 - 10. Suppose -g = -i*g + 55. What is the greatest common factor of g and 5?
5
Let w be (-6)/(-21) - (-60)/35. Suppose -w*p + 3*p = 4. Calculate the greatest common divisor of p and 4.
4
Let m be (1 - -26) + (0 - 0). Suppose -m + 83 = 4*w. Let u be 6/2*2/3. Calculate the highest common factor of u and w.
2
Let j = 8 - 5. Let v(p) = 2*p + 5. Let k be v(5). What is the highest common divisor of k and j?
3
Let i(w) = w**3 + 5*w**2 + 5*w + 4. Let v be i(-4). Suppose 6*a - 2*a - 44 = v. What is the greatest common factor of a and 44?
11
Let u be -2 + 3 + 2 - 162. Let j be 2/5 - u/15. What is the greatest common factor of 88 and j?
11
Suppose -19*o + 1603 + 449 = 0. What is the highest common factor of 48 and o?
12
Let i = -4 - -6. Let j be 4 - 6 - -2*i. Suppose 0 = -j*s - 0*s + 16. What is the highest common factor of s and 40?
8
Let k = -43 + 50. What is the greatest common divisor of k and 21?
7
Let v be (-1)/(-4) - (-28548)/48. Let f = 837 - v. Calculate the highest common divisor of f and 22.
22
Let l(c) = c**2 - c - 6. Let m be l(7). Suppose 0*z + 4*z = 288. Suppose w + z = 4*w. What is the highest common factor of m and w?
12
Let q(t) = -t**2 + 17*t - 12. Let d be q(13). Let v = -12 + 32. Let g = 0 + v. Calculate the highest common factor of d and g.
20
Suppose 4*z - 7*z = -405. Calculate the highest common factor of z and 15.
15
Suppose -4*q = 5*t + 21, 0*t = 5*q + 3*t + 10. Let h be q + (1 - -1) + 3. What is the greatest common factor of h and 2?
2
Suppose -8*y - 96 = -10*y. What is the highest common divisor of 6 and y?
6
Let r be (-3)/((-5)/(255/9)). Let l be (-1 - r)*3/(-6). What is the highest common factor of l and 1?
1
Let q = -808 - -1204. Suppose 0*l + q = 3*l. Calculate the greatest common factor of 12 and l.
12
Let b be (2/(-4))/((-1)/4). Let g be -2 - (5 + -3)/b. Let x be 2/(-3) - 38/g. What is the highest common divisor of 108 and x?
12
Suppose -5*k + 2*r + 6 = 0, -5*k + k + 12 = -4*r. Let i = -1 - -1. Let x be i/(-2 - k) - -7. What is the highest common factor of x and 35?
7
Suppose -18 = -2*z + 24. What is the greatest common divisor of z and 7?
7
Suppose -212 = -4*k + 4*o, -k - 5*o + 35 = -0*o. Let w(t) = -9*t + t**2 - 4 + 12 + 2. Let l be w(9). What is the greatest common divisor of l and k?
10
Suppose p + 5*x - 35 = -3*p, -5*p = 5*x - 40. Suppose 0 = 4*m + 2*r - 42, -p*m + 30 = -3*m - 2*r. Calculate the greatest common factor of m and 18.
6
Suppose 0 = -j + 15. What is the greatest common divisor of j and 15?
15
Let o = -63 - -74. What is the highest common divisor of o and 77?
11
Suppose 4*x + 2*d + 3*d + 4 = 0, -8 = -4*x - 2*d. Suppose -5*a + 18 = -x*a. What is the greatest common divisor of 36 and a?
18
Suppose -10 = -3*z - 5*j, 3*j + 10 = 8*j. Suppose 0 = -z*v + 2*v - 24. Calculate the greatest common divisor of v and 30.
6
Let a be 2 - (3/(-1) + -47 + 29). Suppose -2*h = -61 + 15. What is the greatest common divisor of h and a?
23
Let z be -28*(-5)/4*2. Suppose -4*t - t + 100 = 0. Let h = t - 6. What is the highest common divisor of z and h?
14
Let t = 6 - -20. Let y = -188 + 285. Suppose -8*l = 3*r - 3*l - y, 4*l + 55 = r. What is the highest common factor of t and r?
13
Let v(u) = -u**2 + 7*u + 10. Let r be v(8). Suppose r*l + 46 = 3*t, -3*t + l - 81 = -8*t. What is the highest common factor of t and 24?
8
Suppose 98 = 3*p - 34. Calculate the greatest common divisor of 4 and p.
4
Let y(h) = 6*h**2 - 2*h - 3. Let r be y(-1). What is the highest common factor of 2 and r?
1
Let s = 20 - 13. Let h = 74 + -37. Let q = h - s. What is the greatest common divisor of q and 12?
6
Suppose 0 = -2*p + 4*p + 84. Let z = p + 92. Suppose 0 = 5*d - z. Calculate the highest common divisor of 2 and d.
2
Let m(t) = 4*t**3 - t**2 + 1. Let h be m(1). Suppose 4*y = -h*a + 68, 0 = 5*a - y + 2*y - 81. Let i = 73 + -33. What is the greatest common factor of a and i?
8
Let v be -1 - ((2 - 1) + -7). Calculate the greatest common divisor of v and 45.
5
Let l be -6*3/(-9)*4. Let x = 2 - 0. What is the highest common factor of x and l?
2
Let d(f) = -f**2 + 14*f - 15. Let u = -19 - -31. Let j be d(u). What is the greatest common factor of 99 and j?
9
Suppose -13 = -3*j + 191. Suppose 42 + j = 5*t. Suppose -s = -3*w + 13, -2*s = -w - 0 + 1. Calculate the highest common factor of s and t.
2
Let y = -4 - -6. What is the greatest common factor of y and 1?
1
Let j = 1 + 5. Suppose -26 - 19 = -3*t. Calculate the highest common factor of j and t.
3
Suppose 3*h = 60 + 6. Let i be ((-442)/52)/((-2)/4) - -5. What is the greatest common divisor of i and h?
22
Suppose 1 = 3*z + 7. Let l be (-62)/(-10) + z/10. Calculate the highest common divisor of 66 and l.
6
Let f(j) = j**2 + 0 - 2 + 5*j + j**2. Let c be f(-6). Let w = -14 + c. What is the highest common divisor of w and 39?
13
Suppose -3*w + 82 + 38 = 0. Let l be -1*1 + (-4 - -5). Suppose -4*y + 3 + 37 = l. Calculate the greatest common divisor of y and w.
10
Suppose 3 = 2*u - 87. Let d be (-273)/(-9) + (-2)/6. Calculate the highest common divisor of d and u.
15
Suppose -x + 5 = -0, 3*h + 2*x - 16 = 0. Suppose 39 = h*l - 33. Suppose 0*p + p = l. What is the highest common divisor of 6 and p?
6
Let g be 982/10 - 2/10. What is the greatest common factor of 14 and g?
14
Let v(r) = 9*r**2 - 2*r + 1. Let t be v(-3). Let j(m) = -2*m + 2. Let a be j(-3). What is the greatest common divisor of a and t?
8
Let o(j) = 3*j**2 - 2*j - 1. Let s be o(3). What is the greatest common factor of s and 50?
10
Let t be (-1)/(-2)*10 + 2. Suppose -4*i + 4*q = 7 - 35, 0 = -5*i - 2*q + t. What is the greatest common divisor of 24 and i?
3
Let x = 26 - -2. Calculate the greatest common factor of x and 224.
28
Let r(c) = -3*c + 50. Let z be r(0). Calculate the highest common factor of 10 and z.
10
Suppose 3*j = 77 - 29. Calculate the greatest common divisor of j and 2.
2
Suppose -5*r - b + 375 = -4*b, 3*b + 150 = 2*r. Calculate the greatest common divisor of r and 50.
25
Let b = 28 - 24. Let z = 12 - b. Calculate the highest common divisor of 40 and z.
8
Let b be (-1)/3*2*-3. Suppose b = m - 6. Calculate the greatest common factor of 1 and m.
1
Let m(x) = 8*x**2 + 6*x - 5. Let q be m(-5). Calculate the greatest common divisor of q and 15.
15
Let s(j) = -24*j + 3. Let z be s(-4). Calculate the highest common factor of z and 22.
11
Let f(a) = 18*a**3 - a**2 - a + 1. Let c = 5 - 4. Let u be f(c). Calculate the greatest common divisor of u and 153.
17
Let i(r) = -r**3 - 8*r**2 + 4*r + 10. Let l be i(-7). Suppose -378 = -5*y + 227. Let a = y + l. What is the greatest common factor of 6 and a?
6
Suppose 12 = 4*c - 52. Suppose j + 672 = 7*j. Calculate the highest common factor of c and j.
16
Let i be (-3)/9 + (-7)/(-3). Suppose -f - 3*r = f - 7, i*r - 12 = -2*f. What is the greatest common factor of f and 99?
11
Let l = -152 + 62. Let v be 14/3*l/(-35). What is the highest common factor of v and 12?
12
Let t be -1 - 1/(1/(-1)). Suppose t*a - 5*a + 1050 = 0. Let p be a/2 + -1 + 1. Calculate the highest common divisor of p and 15.
15
Suppose 3*o + 5*d + 17 = 2*o, 4*d + 36 = -4*o. Let i(u) = -u - 4. Let y be i(o). Let p be (-8)/y*300/(-16). What is the highest common factor of p and 20?
10
Let w be 3/(-2) + 564/24. Calculate the highest common factor of w and 22.
22
Suppose 4*d + 4*v + 10 = 2, d - 2*v = 4. Let w = d - -3. Calculate the highest common divisor of 12 and w.
3
Let j(l) = -3 - 3 - 3*l + l**2 + 4*l + 0*l. Let z be j(6). What is the greatest common divisor of 18 and z?
18
Let q = -2 - -7. Suppose g + 73 = 2*g - 3*s, -q*g = -3*s - 425. Calculate the greatest common factor of g and 11.
11
Let y(i) = i**2 - 3*i - 36. Let x be y(10). What is the greatest common divisor of 34 and x?
34
Let b = -5 + 11. Calculate the highest common divisor of b and 30.
6
Suppose 5*n + 7*k = 3*k, 3*k = -3*n. Let w = n + 7. What is the greate